What is the tens digit of p?
1
Let d(v) = 4*v**2 - 79*v + 4 - 5*v**3 + 94*v - 19*v**2. What is the hundreds digit of d(-7)?
8
Suppose 5*b - 4*n + 6*n - 23 = 0, 3*b - 5*n = -11. What is the units digit of 4 + -2 - b - -1*71?
0
Let w = -20031 + 34954. What is the hundreds digit of w?
9
Let d(z) = -z**2 - 12*z + 3. Let g be d(-12). Let w(l) = -18 + 40 + 4*l - 21 - 3*l**g. What is the tens digit of w(-3)?
7
Let s = 11 - 11. Suppose -5*c + 242 = -2*d, -2*c + s*d = d - 104. Suppose -4*u + c = 2*p - 26, -4*p - 5*u = -161. What is the units digit of p?
4
Let n = 2540 + -953. Let f = n + -916. What is the units digit of f?
1
Let s(y) = y**2 + 5*y + 4. Let z(h) = -h**3 - 6*h**2 - 7*h - 1. Let g be z(-5). Suppose -4*n + g*n = -45. What is the tens digit of s(n)?
4
Suppose 39*o - 236269 - 307607 = 166899. What is the hundreds digit of o?
2
Suppose 4 = 3*c - d - 22, -2*c = 5*d - 6. Let h be c/(-20) - (-16)/40. Suppose -2*n + 33 + 77 = h. What is the tens digit of n?
5
Suppose 3*j + 6*j + 19695 = 14*j. What is the units digit of j?
9
Let m = -28 - -46. Let g be m/12 + 10/4. What is the tens digit of g*(285/12)/5?
1
Let x(a) be the first derivative of -2*a**3/3 - 11*a**2/2 - 11*a + 19. Let u be x(-5). What is the hundreds digit of 4 + 25/u + (-1934)/(-12)?
1
What is the hundreds digit of 12575/(-10)*-6 + 4?
5
Let c(x) = 5*x**3 - 25*x**2 + 154*x - 5. What is the ten thousands digit of c(17)?
1
Let i be 18/4 - (-3)/((-60)/10). Suppose -5*k - 103*n = -108*n - 8205, i*k + 5*n - 6564 = 0. What is the hundreds digit of k?
6
Let i = -32629 + 36051. What is the hundreds digit of i?
4
Suppose 5*w + 170 = 5*a, -3*w + 31 = 5*a - 123. Suppose 2*k = q + a, k + q - 16 = -q. What is the hundreds digit of (104/(-64))/13 + 4066/k?
2
Let g(q) = -q**3 - 21*q**2 + 28*q + 26. Let b be g(-22). Let j = 46 + b. Let a = j + 62. What is the units digit of a?
2
Let s = -8166 - -20271. What is the tens digit of ((-2)/(-3))/(6/s)?
4
Let k(v) = -v**2 + 8*v + 165. Let t be k(-9). Suppose 7*y - r + 3857 = t*y, 0 = 2*r + 6. What is the hundreds digit of y?
7
What is the hundreds digit of 48/128 - (8/14 - 2523942/112)?
5
Let q(l) = -11*l + 9. Let h be q(1). Let d be h + 182/9 + 2/(-9). Suppose -d*w = -21*w + 6. What is the units digit of w?
2
Suppose -3*z - 30 = -5*c + z, 3*z + 13 = -c. Suppose -c*w = 2*b - 44, 0 = 14*b - 15*b - 3*w + 26. What is the tens digit of b?
2
Suppose -4*h = -315 + 11. What is the tens digit of (-180)/(1 + h/(-64))?
6
Let f = -704 + 1315. Suppose 4*n - 994 + 178 = -4*q, 4*q = -3*n + f. Suppose -5*m + n = -0. What is the units digit of m?
1
Let v(b) = 2*b**3 + 87*b**2 - 171*b - 406. What is the hundreds digit of v(-37)?
7
Let h(u) = u**3 - 15*u**2 + 4*u - 9. Let q be h(15). Suppose 5*k + 164 = -11. Let g = k + q. What is the tens digit of g?
1
Let f = 17839 + 4454. What is the thousands digit of f?
2
Let r(s) = s**2 - 15*s + 5. Let f be 262/18 + (-8)/(-18). Let z be r(f). Suppose 80 = 2*w + 4*n, -5*w = -z*n + 60 - 290. What is the tens digit of w?
4
Suppose -11*q = -13*q + 772. Suppose -362 - q = -4*c. Let h = c - 133. What is the units digit of h?
4
Suppose 2*c - 22*f - 92725 = -19*f, 2*f + 139075 = 3*c. What is the ten thousands digit of c?
4
Suppose 3*d = -h + 404, 2*d = 4*h + 259 + 29. Suppose -d*k = -131*k - 720. What is the tens digit of k?
4
Let v = 411 + -404. Suppose -3*a = 6, -10*a + v*a = 3*q - 39. What is the tens digit of q?
1
Suppose 4 - 1 = i. Suppose -5*q = -z + 29, i*z = 2*z + 2*q + 14. Suppose 0 = -5*p - z*y + 722, -2*p - 3*y = 2*p - 577. What is the tens digit of p?
4
Suppose -214968 = -22*w - 17*w. What is the units digit of w?
2
Suppose -1316 - 3148 = -8*k. Let d = 778 - k. What is the tens digit of d?
2
Let i be ((-27)/(-18))/((-1)/(-2)) + 48. Suppose -i*a = -58*a + 714. What is the hundreds digit of a?
1
Let o(c) = -12*c**3 + 2*c**2 - c + 1. Let i be o(2). Let q = 83 + i. Let y(g) = 2*g**2 + 8*g - 18. What is the units digit of y(q)?
6
Let j = -2 - -6. Suppose -3*t - i + 8 = 0, 2*i + 3 - 16 = -5*t. Suppose 0 = x - 3*x - j*d + 86, -2*x + t*d = -93. What is the tens digit of x?
4
Suppose 3*c - 3 = -2*i + 18, 3*c = i + 12. Let v be ((-44)/(-6))/(2/i). Suppose v*z = 7*z + 100. What is the units digit of z?
5
Suppose 4281 - 976 = 5*d. Let a = d + -376. What is the hundreds digit of a?
2
Let z(o) = 7*o**3 - 38*o**2 + 2*o - 63. What is the units digit of z(11)?
8
Let h = -10900 - -51499. What is the units digit of h?
9
Let r(n) = n**2 - 34*n + 98. Let v be r(31). Suppose -4*t = -0*u - 2*u - 1490, v*u - 727 = -2*t. What is the tens digit of t?
7
Suppose 13387 = s + 2*n, -4*s - 2*n - 22012 = -75524. What is the units digit of s?
5
Let v = 109 - 111. Let a = 19 + -11. What is the tens digit of v/(a/(-1)) - 604/(-16)?
3
Suppose 44*b = 46*b - 38. Suppose -4*y + 85 + b = 0. Let i = y - -1. What is the units digit of i?
7
Let n(t) = -625*t - 1094. What is the ten thousands digit of n(-49)?
2
Let i = 13 - 13. Suppose m - 5 = i, -645 = -5*x - 0*m + 4*m. Suppose 10 = -r + x. What is the hundreds digit of r?
1
Suppose 0 = 4*k - 13*k - 3231. Let q = -616 + 1164. Let b = k + q. What is the tens digit of b?
8
Suppose 4*q = 4 + 4, 3*l - q - 4168 = 0. Let f be l/20 + (-1)/(-2). Let p = 97 - f. What is the units digit of p?
7
What is the tens digit of (-11 - 30644/(-14)) + -11 + 1/7?
6
Suppose 3*b - 4*w = 2126 + 1267, 0 = 5*w. Let i = b - 399. What is the tens digit of i?
3
Let j(v) = v**2 - 13*v + 42. Let z be j(14). Suppose 3*o + 47 = -2*c, c - 8*o + 3*o + z = 0. Let a = c - -57. What is the tens digit of a?
2
Suppose 0 = 3*v - 28 - 14. Suppose -2*o = 5*n - 55, 3*o - 3 = -3*n + 21. Suppose 0 = -n*j + v*j - 45. What is the units digit of j?
5
Let l(m) be the second derivative of -53*m**3/6 - 25*m**2 + 5*m + 2. What is the tens digit of l(-13)?
3
Let y be 69/9*10*(-24)/(-20). Suppose -y*j = -88*j - 2868. What is the units digit of j?
7
Suppose 644475 = 15*i - 159285. What is the ten thousands digit of i?
5
Suppose -2329 - 2131 = -5*f. Suppose 0 = 2*z + 4*v - f, 3*v = -5*z + 2*v + 2185. What is the units digit of z?
6
Suppose 21 = 4*y - r, -9 - 7 = -4*y - 4*r. Suppose y*q + 10 = 0, -q = -c + 4*q - 221. Let g = -145 - c. What is the units digit of g?
6
Let a(k) = k**3 + 20*k**2 + 19*k + 6. Let l be a(-19). What is the hundreds digit of (-5)/2*332/l*-3?
4
Suppose 46619 = 5*m + 2*x, 4*m + 58*x - 37300 = 57*x. What is the thousands digit of m?
9
Suppose 0 = -k - 5, -4*k = -5*p - 6*k + 30025. Suppose -6*i - 1591 = -p. What is the units digit of i?
6
Let p(g) be the first derivative of 9*g**4 - 2*g**3/3 + g**2/2 - 2*g + 6. Suppose 5*c + 13 = 3*y + 2, 0 = 5*y + c - 9. What is the units digit of p(y)?
0
Suppose 0 = 14*d - 10*d + 80. Let r be ((-590)/25)/((-2)/d). Let w = -100 - r. What is the hundreds digit of w?
1
Suppose -2*k - 8*k + 68467 = -3*k. What is the units digit of k?
1
Suppose -h - 4 = t, -20 = 8*h - 3*h. Suppose 8 = 2*i, -z + 3*i - 71 = -t*z. Let v = z - -114. What is the tens digit of v?
5
Let b(a) = -a + 16. Let p be b(14). Let k(f) = 9*f - f**2 + 0*f - 7 + 12*f**p - 3*f. What is the hundreds digit of k(3)?
1
Let w(d) = 708*d + 2218. What is the hundreds digit of w(7)?
1
What is the tens digit of ((-1245)/6)/((-12)/(-8424)*-3)?
5
Let i(z) = 2*z**2 - 8*z - 7. Let m be i(8). Suppose -55*f + m*f = 4. Suppose 0 = -f*l + 24 + 44. What is the units digit of l?
4
Let f = 82653 - 53368. What is the ten thousands digit of f?
2
Suppose -88*z + 27 = -91*z. Let c(x) be the third derivative of x**6/120 + 3*x**5/20 - 23*x**4/24 - 7*x**3/6 + 14*x**2. What is the tens digit of c(z)?
0
Suppose -4*c = -8*x + 3*x + 36, 2*x + 5*c = 21. Let v(a) = -132*a - 16 + 42*a + 49*a + a**2 + 41*a. What is the units digit of v(x)?
8
Let u = -41 - -43. Suppose 6 = -u*o - 2. Let z(w) = w**3 + 6*w**2 + 2*w + 6. What is the tens digit of z(o)?
3
Let g(c) = -c**2 + 10*c + 27. Let f be g(12). Suppose f*w - 24 = -5*q, 3*q = 2*w + 2 + 1. Suppose w*b + 155 = 434. What is the units digit of b?
3
Suppose 4*d - 13098 = -2*w, -2*w + 4*d = w - 19657. What is the units digit of w?
1
Suppose -5*w + 3*w + 3*t - 7 = 0, -4*w = 3*t - 31. Suppose w*s = 10*s - 24. Suppose -3*n + 567 = 2*y, s*n - y = -5*y + 752. What is the hundreds digit of n?
1
What is the units digit of -26 - 2048/(-80) - (-82177)/5?
5
Suppo